{"id":126,"date":"2012-10-29T01:12:24","date_gmt":"2012-10-29T01:12:24","guid":{"rendered":"http:\/\/www.psg-sumo.de\/?page_id=126"},"modified":"2019-05-13T09:33:28","modified_gmt":"2019-05-13T09:33:28","slug":"tag-4","status":"publish","type":"page","link":"http:\/\/www.psg-sumo.de\/?page_id=126","title":{"rendered":"Tag 4"},"content":{"rendered":"<p>Kapitel 1<br \/>\nAm Abend zuvor, stellten wir uns die Frage: Gibts auch hier in Hong Kong die Zeitumstellung? Flei\u00dfiges googlen. Eine abschlie\u00dfende Kl\u00e4rung gab es nicht wirklich. Wir entschieden uns f\u00fcr ein klares nein. Zur Not sind wir halt eine Stunde zu fr\u00fch beim Fr\u00fchst\u00fcck.<br \/>\nWir waren genau zur richtigen Zeit am richtigen Ort. Fr\u00fchst\u00fcck h\u00e4tte man sich wie jeden Tag sparen k\u00f6nnen.<\/p>\n<p>Kapitel 2<br \/>\nUm 7:15 Abfahrt mit Bus zur Halle.<br \/>\nDort angekommen folgen alle Sumotoris, wie eine Herde Schafe, den &#8222;Leittieren&#8220;. &#8222;Leittiere&#8220; verirrten sich (der am Tag zuvor genutzte Eingang war verschlossen) und alle Schafe hinterher. Auch hier trifft das Sprichwort zu &#8222;Die Letzten werden die Ersten sein&#8220;. (Wir waren die Ersten und somit dann auch die Letzten ;))<br \/>\nNach einer Wartezeit auf der Stra\u00dfe wurde ein anderer Eingang ge\u00f6ffnet und die &#8222;Schafe&#8220; in ihren &#8222;K\u00e4ftig&#8220; gepfercht.<br \/>\nDie Veranstalltung konnte beginnen.<\/p>\n<p>Siehe Unterpunkt &#8222;Wettkampf&#8220;.<\/p>\n<p>Kapitel 3<br \/>\nUnser K\u00e4mpfer, vom Lehmring mit Wunden gezeichnet, treten per Metro den R\u00fcckzug zum Hotel an. Die Jungs werden gleich in ihr Gemach verbannt. Marcy und Sani haben noch den Auftrag Desinfektionsmittel und Verbandsmaterial zu holen. Mit H\u00e4nden und F\u00fc\u00dfen sowie brocken Englisch ist auch dieses Unterfangen schnell gegl\u00fcckt. Kurz noch Kiosa geholt und in den Supermarkt sollte es auch schon zur\u00fcck gehen. Eine kleine Zeitverz\u00f6gerung gab es noch im Supermarkt als Marcy ihr Geburtstagsgeschenk, eine Duschhaube mit Stitch, entdeckte. Diese wurde auch gleich in der Badewanne im Hotel eingeweiht. <\/p>\n<p>Kapitel 4      Die Farewell Party<br \/>\nAuch hier wurde der Anfahrtsweg zu Fu\u00df zur\u00fcck gelegt. Die R\u00e4umlichkeit der Knaller. Viel Glitzer und Glamour. Die Wedding-Suit wurde hervorragend hergerichtet, so dass die Planer neidisch Gew\u00e4ssern w\u00e4ren. Nach anderthalb Stunden der Tischzuweisung und st\u00e4ndigen Nachgie\u00dfens wurde das Mahl aufgetragen. Die verschiedensten Chinesischen Spezialit\u00e4ten:<br \/>\n1. Gang: Verschiedene Fleischhappen<br \/>\n2. Gang: Garnelen und Calamaris auf Fenchel<br \/>\n3. Gang: Curry Gem\u00fcse (Mais, Broccoli, Champignons)<br \/>\n4. Gang: Frittierter Fischmagen (waren lecker besonders die So\u00dfe)<br \/>\n5. Gang: Suppe von der Nachgeburt von Schafen (hier wird nix verschwendet und wir konnten und kaum im Zaum halten)<br \/>\n6. Gang: Glasiertes Huhn mit Kopf und allen Knochen (frittiert und frisiert)<br \/>\n7. Gang: Curry Fisch auf Zwiebeln (selbst Sani und Fred haben gekostet)<br \/>\n8. Gang: Schweinerippchen<br \/>\n9. Gang: Reis- und Nudelpfanne (es konnte schon keiner mehr)<br \/>\n10. Gang: S\u00fc\u00dfe Linsensuppe und Hefem\u00f6pse gef\u00fcllt mit S\u00fc\u00dfkartoffeln und Eingelb (F\u00fcllung wurde bei Seite gelegt)<\/p>\n<p>W\u00e4hrend der gesamten Veranstaltung wurden die Gl\u00e4ser st\u00e4ndig gef\u00fcllt.<br \/>\nEs gab kein entrinnen. <\/p>\n","protected":false},"excerpt":{"rendered":"<p>Kapitel 1 Am Abend zuvor, stellten wir uns die Frage: Gibts auch hier in Hong Kong die Zeitumstellung? Flei\u00dfiges googlen. Eine abschlie\u00dfende Kl\u00e4rung gab es nicht wirklich. Wir entschieden uns f\u00fcr ein klares nein. Zur Not sind wir halt eine &hellip; <a href=\"http:\/\/www.psg-sumo.de\/?page_id=126\">Weiterlesen <span class=\"meta-nav\">&rarr;<\/span><\/a><\/p>\n","protected":false},"author":1,"featured_media":0,"parent":70,"menu_order":3,"comment_status":"closed","ping_status":"closed","template":"","meta":{"footnotes":""},"class_list":["post-126","page","type-page","status-publish","hentry"],"_links":{"self":[{"href":"http:\/\/www.psg-sumo.de\/index.php?rest_route=\/wp\/v2\/pages\/126","targetHints":{"allow":["GET"]}}],"collection":[{"href":"http:\/\/www.psg-sumo.de\/index.php?rest_route=\/wp\/v2\/pages"}],"about":[{"href":"http:\/\/www.psg-sumo.de\/index.php?rest_route=\/wp\/v2\/types\/page"}],"author":[{"embeddable":true,"href":"http:\/\/www.psg-sumo.de\/index.php?rest_route=\/wp\/v2\/users\/1"}],"replies":[{"embeddable":true,"href":"http:\/\/www.psg-sumo.de\/index.php?rest_route=%2Fwp%2Fv2%2Fcomments&post=126"}],"version-history":[{"count":7,"href":"http:\/\/www.psg-sumo.de\/index.php?rest_route=\/wp\/v2\/pages\/126\/revisions"}],"predecessor-version":[{"id":167,"href":"http:\/\/www.psg-sumo.de\/index.php?rest_route=\/wp\/v2\/pages\/126\/revisions\/167"}],"up":[{"embeddable":true,"href":"http:\/\/www.psg-sumo.de\/index.php?rest_route=\/wp\/v2\/pages\/70"}],"wp:attachment":[{"href":"http:\/\/www.psg-sumo.de\/index.php?rest_route=%2Fwp%2Fv2%2Fmedia&parent=126"}],"curies":[{"name":"wp","href":"https:\/\/api.w.org\/{rel}","templated":true}]}}